-15
Calculate 1 + 5 - (52 + (-147 - -85)).
16
What is -30 + (7 + 36 - -16)?
29
What is 47 - (35 - (23 + -5))?
30
What is -28 - (-136 - -45) - 41?
22
52 - ((-310 - -311) + (6 - 0))
45
What is the value of 48 - (17 - (-4 + -21))?
6
What is the value of 2 - (-25 - -20) - (13 - -2 - 1) - -111?
104
Calculate (-297 - -290) + (-61 - -6) + 4.
-58
Evaluate -36 - (0 + -33 + 20) - 12.
-35
Evaluate (19 - 26) + (-16 - -72) + -9.
40
What is the value of -25 - (45 - 98 - -45)?
-17
What is 10 - (39 - -3 - (91 + -109))?
-50
-40 - ((10 - 3 - 3) + (-13 - -11)) - -6
-36
What is 31 + -26 - (0 - (4 + -26)) - -2?
-15
Calculate 29 - 20 - (-14 - (-2 - -10)).
31
What is (112 - 42) + -74 + -36?
-40
What is 30 + 19 + (224 - 282)?
-9
Calculate -254 + (291 - 61) + -91.
-115
Calculate (286 - 319) + 44 + -2.
9
What is -29 - 50 - -90 - (-23 + -5)?
39
What is -53 + (16 - -6) + 19 - 26?
-38
(-52 - -1) + (1051 - 993)
7
(4 - (12 - (20 - 1))) + (-45 - 0)
-34
11 + -8 + 9 + -3 + (34 - 21)
22
8 - -50 - (223 - 176)
11
54 - (13 - -41) - (79 - 17)
-62
Evaluate (-19 - -5) + -16 + (63 - -35 - 35).
33
Evaluate -24 - -105 - (20 + 9 + -12 - -1).
63
Calculate 0 - 0 - (11 - 1) - (11470 - 11478) - -38.
36
59 - 37 - (-3 + 0 + -1 - 5)
31
Calculate (12 - -8) + -4 + -4 + 8 + -7.
13
What is -7 - ((19 - 34) + 30)?
-22
-8 + (-7 + -4 - -9) + 10 + -5 + 30
25
-74 + -10 + 1 + (5 - (2 + (-12 - 1)))
-67
What is the value of -7 - (-13 + (-137 - (1 - (24 + -18))))?
138
(-2 - -25) + -47 + -10 - (7 + -3)
-38
What is the value of 10 - (0 - -1) - (87 + -124 + (-3 - 20))?
69
What is 41 - 110 - -64 - (-10 - -6)?
-1
Calculate 25 + (24 - -7) - (14 - 1).
43
What is -70 - (139 - 472) - 153?
110
Evaluate -76 - (-1214 - -1214 - (7 + -1 + 4)).
-66
What is -120 - (-142 - -69) - -15?
-32
Calculate -9794 + 9750 - (-2 + 32).
-74
What is the value of -1 + 29 + (0 - 26) - (-1 + 7)?
-4
What is (69 - -8 - -7 - (97 + -77)) + -11?
53
What is -11 - ((6 + -6 - -1) + -1) - (30 - 39)?
-2
What is (-1 - 5 - -3 - 3) + -37 - (2 - 12)?
-33
What is the value of 0 - 15 - (0 + 22 - (-40 + 61) - 6)?
-10
What is -47 - (-31 - 29 - -18)?
-5
What is (24 + -30 - (-12 - (50 + -3 + -2))) + -10?
41
Calculate 101 - ((1 + 8 - (5 + 5 + 6)) + -9).
117
What is 96 + -2 + (-21 - 4) + -15?
54
What is the value of 23 - (4 - (24 - (28 + -15)))?
30
Evaluate 1 + -57 - (57 - 108).
-5
What is the value of (80 - 70) + (-39 - -26) + (-7 - -1) - 0?
-9
Evaluate (-1 - -10) + (-25 + 21 - (-23 + 7)).
21
Calculate -2 + -17 - -15 - -12 - (0 + -5 + 56).
-43
Evaluate -1 + -1 + 2 + 3 + -1495 + 1549.
57
Evaluate 61 - ((-19 - 49) + 53).
76
Calculate -2 + 4 + (3 + -5 - (10 + -1 + -8)).
-1
What is -46 + (-60 - (-99 - 7))?
0
Calculate -8 + -10 + -19 + 47 + -4.
6
Evaluate -2 + (15 - 7 - 3) - (74 - 20 - 14).
-37
-14 - (-28 + -17 + 13) - 7
11
Calculate -4 - (-7 - 1 - (-278 + 213) - -7).
-68
Calculate -47 + (-548 + 567 - (0 - -12)).
-40
34 + -19 + (-6 + -5 - -40)
44
17 - 8 - (-404 - -396 - (-40 - 2 - 1))
-26
What is (41 - 51) + -4 + -48 + -5?
-67
2 + 8 + 9 + (-23 + 3 - -11)
10
1 + (-10 - 1) + (-26 - 64) + 19
-81
What is -50 + (-4 + 2 - -3) - (-4 + 3)?
-48
Calculate 88 + -183 - ((9 - -1) + (12 - (0 - -18))).
-99
Evaluate 16 + -54 - -52 - -39.
53
What is the value of 224 + -136 - (0 + 18) - -4 - (4 - -9)?
61
Calculate (17 - 3 - -6) + (-3123 - -3051).
-52
What is the value of (-6 - 0) + (-175 - (-134 - 152))?
105
Evaluate 19 + (-10 - -19 - (-16 - 7)).
51
(4 - -6 - 6) + -20 + (-38 - (-9 - -8))
-53
Calculate 12 + (19 + 12 - -3) - (2 + 2 + -4).
46
-2 - 43 - (-8 + -46 - (-120 - -68))
-43
Calculate 91 - (-74 - -120 - -59).
-14
Evaluate (14 + -6 - (-13 + 33 + -21)) + 65.
74
44 + (2 - 2) - 46
-2
What is -3 + (4 + (-2 - -2) - (44 - 38))?
-5
What is the value of 142 - (301 - (79 + 75))?
-5
What is 65 + -19 + (-16 - -13) + -20?
23
Calculate 158 - (-6 - (-44 + (-43 - -39))).
116
What is 1 - -52 - (3 + 12 + -7 + 9 - 6)?
42
37 + -63 + 40 + -6 + -2 + 55
61
What is 24 + (-44 - (-68 - -22)) + (-12 - 1)?
13
What is (16 - (0 - 0)) + (-5224 - -5146)?
-62
Calculate 107 - ((9 - (9 + -1 - -1)) + 0 + -4).
111
-7 - ((11 - 7) + 10 - ((11 - 4) + -6))
-20
What is -86 + -22 + 13 + 76?
-19
(-5 - (-15 - -4)) + -28 - -52
30
What is 19 + (-80 - (47 - 82))?
-26
-80 + 22 + 14 + -20
-64
Evaluate 20 + ((5 - -17) + -22 - -6).
26
Calculate 19 + 4 + (4 - 4) - 62.
-39
Evaluate -42 - (-70 + 66) - (-8 - 83).
53
What is the value of -10 + (0 - 2) + (-34 - (27 - 64)) - 128?
-137
Calculate (106 - 163) + (45 - 22).
-34
-12 + 6 + (-21 - (-37 - 8))
18
Evaluate 50 - 20 - 41 - 5.
-16
Calculate 41 - (-50 - -176) - (-1 - 19).
-65
Evaluate -69 + 55 + (-35 - -6).
-43
Calculate (0 - 28) + 24 + (88 - 116).
-32
Calculate (-2 + -37 - -35) + 14 - (51 + -1).
-40
Calculate (-5620 - -5674) + (2 - 1 - (-3 + -3) - 1).
60
Evaluate 167 + -71 + -101 - -113.
108
What is the value of -5784 - -5815 - (-36 - -1)?
66
What is the value of ((5 - -1 - 6) + 6 + -15 - -41) + -9?
23
43 + (1 - 7) + 21 + -46 + 19
31
What is the value of 33 - (-10 - -55) - -30?
18
What is the value of 4 + -3 + -33 - (31 + -60 - -32)?
-35
Evaluate -15 - -21 - (-7 - -16).
-3
Evaluate (12 - (-1 + -2)) + (-7 - (-20 + 0) - 21).
7
Evaluate 15 - 5 - -1 - (10 + 12 + -15) - 102.
-98
Evaluate (1 + -6 - (2 + -2)) + -175 + (20 - -139).
-21
Calculate 23 + (-2 - 0) + 12 + -13 + 7 + -10.
17
What is 9 + 4 + (5 - (42 + -22)) - 85?
-87
88 + 46 + -6 + -26 - -17
119
Evaluate 40 + 38 + -91 - (1 + -2 + -1).
-11
-72 + 0 + (0 - ((4 - 25) + 16) - 6)
-73
Calculate (-31 + 2 - -17) + -28 - -24.
-16
What is 3 + (-5 - -9 - 11 - 12 - -8) + 93?
85
Calculate -28 + -3 - (-94 + 56) - (39 + 1 - -1).
-34
What is the value of -24 + 11 + -1 + (-3 - (-23 - -10)) - -118?
114
28 + (46 + -57 + 24 - 55)
-14
What is (-1494 - -1465) + 23 + 1?
-5
Calculate -3 + -29 - ((7 - -1) + -7 - (6 - 7)).
-34
What is the value of (21 - (-26 - -14 - -18)) + 31 + 6?
52
Calculate -163 - (82 - -70 - 306).
-9
What is the value of (25 + -23 - (36 - -20)) + -2 + 2 + -7?
-61
(-8 - 7) + (-70 - -33) + 6 + 5
-41
What is 13 + 34 + 82 + -1 + -34?
94
What is (-37 - (6 + -14)) + (33 - 25 - 16)?
-37
Evaluate (-21 - ((-36 - -9) + 14)) + (0 - -7).
-1
Evaluate -9 - (-11 - (-22 + 71)).
51
What is the value of (-23 - (-94 - -88)) + (-16 - -1)?
-32
What is 42 - (26 - (-42 + 72))?
46
Evaluate (3 - 9) + 10 + (-10 - (2 + -5 + 4)).
-7
What is the value of (170 - 80) + -95 - -30?
25
-36 - (30 - (-64 + 59))
-71
Calculate -3 + 6 + 119 + (23 - (118 - 77)).
104
What is the value of 13 + 4 + -17 - (-12 - (0 + -4))?
8
69 + (91 - 216) - -60
4
What is the value of -43 - (64 + -84) - 17?
-40
What is the value of 124 + -46 + 71 + -131?
18
(55 - 30) + (-44 - 1)
-20
What is 6 + (26 - 8) + 38 + 3?
65
-98 + (-23 - -56) - -113
48
Evaluate -95 + (-8 - -23 - 13) + 22.
-71
What is -847 - -841 - (0 + (13 - 1))?
-18
(-146 - (-303 - -134)) + 1 + -66
-42
What is the value of 3 - (-4 - 32 - (83 - 103))?
19
-113 + -25 + 59 - -23 - (0 - -18)
-74
Calculate (-9 - (43 + -19 + -32)) + 4.
3
Calculate (73 - (5 - 6)) + (-16 + 36 + -21 - -8).
81
Evaluate -38 + (30 - (-47 - -93)).
-54
Evaluate -36 + 13 + 32 + -55 + -8.
-54
What is the value of 44 + (-4 - 17) - (-2 + -11)?
36
Evaluate (14 - (-3 + 10 - 13 - -8)) + 14.
26
What is -69 - -7 - -47 - -43?
28
What is the value of 32 - -1 - (-125 + 114 + -2)?
46
Evaluate 17 + (18 - ((-49 - -1) + -11)) + -16.
78
What is (-1 - (-7 - (4 - 1))) + 35 + 62 + -162?
-56
What is the value of 39 - (-21 - (-81 + 34 - -10))?
23
What is (31 + -55 - -28) + (-6 - -11) + 105?
114
(-95 - -100) + -57 - -1
-51
Evaluate -9 + 28 + -9 + -30 + 16.
-4
Calculate -104 - (-11 - (2 + -5 - (9 + -11) - -1)).
-93
Evaluate -2 + (-9 - (-13 - 45) - -14).
61
Calculate 22 + (60 + -98 - -37).
21
Evaluate -123 - ((4 - 20) + 5 + (-29 - (-55 + 27))).
-111
What is the value of (2 - -7) + -56 + -2 + -7 + 25?
-31
What is (-695 + 638 - (2 - 20)) + -8?
-47
What is the value of 7 - (-34 - (7 + -4 + 2) - (-4 - -17))?
59
What is the value of 86 - ((-7 - 6) + 60 + -51)?
90
What is the value of -41 + (-21 - -14 - 1 - -30)?
-19
What is the value of -65 - (-26 + 6 + -66)?
21
Evaluate 18 - -1 - (5 - 1 - -3 - 12) - -8.
32
-50 + 1 - (-3149 - -3080)
20
What is (4 - (0 + 54)) + (5 - 7) + 6?
-46
What is (-1 + (1 - 13) - (12777 - 12886)) + -19?
77
Evaluate -19 + -13 + (10 - -4 - 11 - -6).
-23
Calculate -2 - 0 - -31